alse
Is 19941839 composite?
False
Is 99113737 composite?
False
Is 48175879 composite?
False
Is 38900237 a composite number?
False
Is 13656653 composite?
False
Is 56571209 a prime number?
True
Is 1618989 a composite number?
True
Is 342923 prime?
False
Is 27745147 composite?
False
Is 3033671 prime?
True
Is 81343 prime?
True
Is 2353445 composite?
True
Is 42904339 a prime number?
True
Is 12012411 prime?
False
Is 31553161 composite?
False
Is 159762791 prime?
True
Is 14805697 a composite number?
True
Is 135551939 prime?
True
Is 35266453 a prime number?
False
Is 3200059 composite?
True
Is 6494245 a prime number?
False
Is 98532013 a composite number?
False
Is 122730337 composite?
False
Is 293616742 prime?
False
Is 5603863 a prime number?
False
Is 13848949 a prime number?
True
Is 3563213 a composite number?
True
Is 127472929 composite?
True
Is 99584221 prime?
False
Is 1505395 composite?
True
Is 36565471 a composite number?
False
Is 284178371 composite?
False
Is 5518481 prime?
False
Is 859471 prime?
False
Is 68362169 a prime number?
True
Is 588804274 a composite number?
True
Is 6317849 prime?
True
Is 14389657 prime?
False
Is 57299397 composite?
True
Is 18926477 composite?
True
Is 22095277 a prime number?
True
Is 2293333 a prime number?
False
Is 3999613 a composite number?
True
Is 81341 prime?
False
Is 45142579 a prime number?
True
Is 45721019 a prime number?
False
Is 216850111 composite?
False
Is 19754435 a composite number?
True
Is 50550917 a composite number?
True
Is 37855261 a composite number?
False
Is 58367147 a prime number?
False
Is 21550651 composite?
True
Is 26456327 composite?
False
Is 6108251 a composite number?
True
Is 5944313 a prime number?
True
Is 62675527 a composite number?
True
Is 176430047 a composite number?
False
Is 36824267 a prime number?
False
Is 805151 a prime number?
False
Is 9611491 composite?
False
Is 16576463 prime?
False
Is 17776987 prime?
False
Is 129562921 composite?
False
Is 134033501 prime?
False
Is 5747285 a composite number?
True
Is 97871198 a prime number?
False
Is 380409437 prime?
True
Is 951209 prime?
False
Is 4619989 a composite number?
True
Is 50778919 a composite number?
False
Is 37601 a prime number?
False
Is 40583938 composite?
True
Is 8661179 a composite number?
True
Is 359202113 a prime number?
True
Is 1659131 a composite number?
False
Is 91475863 prime?
True
Is 38759707 prime?
False
Is 6128497 composite?
True
Is 75254059 composite?
False
Is 1566449 prime?
True
Is 2616301 a prime number?
False
Is 1752041 a composite number?
True
Is 52196407 composite?
True
Is 4828349 prime?
True
Is 137517313 a prime number?
True
Is 19017247 composite?
True
Is 13025267 prime?
True
Is 2665786 composite?
True
Is 924827549 composite?
False
Is 320590817 a prime number?
True
Is 39715295 prime?
False
Is 203694097 a composite number?
False
Is 188662283 composite?
False
Is 58201298 composite?
True
Is 3627502 composite?
True
Is 2966219 a prime number?
True
Is 18759233 composite?
False
Is 2344889 prime?
True
Is 3696769 a prime number?
False
Is 2114777 a composite number?
True
Is 10313987 prime?
True
Is 4196611 a composite number?
True
Is 5776949 a prime number?
True
Is 33735029 prime?
True
Is 2385389 composite?
True
Is 2439781 prime?
True
Is 6987359 a composite number?
False
Is 1698539 a prime number?
True
Is 56252177 a composite number?
False
Is 44081591 a prime number?
True
Is 222544361 a composite number?
True
Is 95609733 prime?
False
Is 226178737 prime?
False
Is 2679955015 a composite number?
True
Is 2565449 composite?
False
Is 9516097 a composite number?
True
Is 1081891 prime?
True
Is 193628597 a composite number?
False
Is 2866583 prime?
True
Is 35983517 composite?
False
Is 216043241 a prime number?
False
Is 172470911 a composite number?
True
Is 58774979 a prime number?
True
Is 1312459 a composite number?
False
Is 50120815 prime?
False
Is 10421863 prime?
True
Is 91756163 a prime number?
False
Is 1736381 a prime number?
False
Is 18434957 a prime number?
True
Is 184613563 a prime number?
False
Is 2392891 composite?
False
Is 161434627 a composite number?
False
Is 4515109 a prime number?
False
Is 61285847 a prime number?
False
Is 1660222 composite?
True
Is 290755735 a composite number?
True
Is 34629241 composite?
True
Is 123237203 prime?
True
Is 3436961 prime?
False
Is 46622251 prime?
False
Is 386677 prime?
True
Is 795629 a prime number?
False
Is 101031839 a composite number?
False
Is 29399809 a composite number?
True
Is 20896721 a prime number?
True
Is 129496931 composite?
False
Is 36288769 a composite number?
True
Is 232561 a composite number?
True
Is 42417943 a composite number?
False
Is 57693593 composite?
False
Is 21588271 a composite number?
True
Is 2873557 a prime number?
True
Is 3775349 composite?
True
Is 110133811 prime?
False
Is 12807337 composite?
False
Is 408125837 composite?
True
Is 25997513 a composite number?
False
Is 27564167 composite?
False
Is 138003319 prime?
True
Is 4238257 a composite number?
False
Is 4241317 a composite number?
False
Is 10169 a prime number?
True
Is 80249861 a prime number?
True
Is 703009 a prime number?
False
Is 27850441 a composite number?
False
Is 5384801 prime?
False
Is 315923669 composite?
False
Is 3926089 a prime number?
True
Is 3514405 prime?
False
Is 902119 composite?
False
Is 284139899 a prime number?
True
Is 16210039 a composite number?
False
Is 7835153 composite?
False
Is 232181 a prime number?
False
Is 99169523 a composite number?
False
Is 4365941 a composite number?
True
Is 70688063 a prime number?
True
Is 263259407 a prime number?
True
Is 108995881 composite?
False
Is 4659181 composite?
False
Is 8115383 a composite number?
False
Is 61877954 composite?
True
Is 2958019 prime?
True
Is 67998389 a prime number?
True
Is 654061 composite?
True
Is 7926431 composite?
False
Is 6992599 a prime number?
True
Is 5250459 a prime number?
False
Is 376551817 composite?
True
Is 1024411 composite?
False
Is 102376073 a prime number?
False
Is 29941933 a composite number?
True
Is 3237211 composite?
False
Is 85464221 a composite number?
False
Is 29256967 prime?
False
Is 249493759 prime?
True
Is 8145553 composite?
True
Is 202781 a prime number?
False
Is 73718839 prime?
True
Is 28382311 a prime number?
True
Is 104730289 a composite number?
False
Is 92121061 prime?
True
Is 7043485 a composite number?
True
Is 487763761 a prime number?
True
Is 1269811 prime?
False
Is 372066161 prime?
True
Is 339050951 composite?
False
Is 2500331 a composite number?
False
Is 48976579 a composite number?
False
Is 142749719 a prime number?
False
Is 178430257 prime?
True
Is 697049 prime?
True
Is 700027 a composite number?
False
Is 52449349 a composite number?
True
Is 117827491 a prime number?
True
Is 6747293 a prime number?
False
Is 151075601 a prime number?
True
Is 1419641 a composite number?
False
Is 850786619 composite?
True
Is 21158546 prime?
False
Is 20615921 a prime number?
False
Is 1461193 a prime number?
True
Is 2461443 a composite number?
True
Is 11858419 a prime number?
False
Is 5871587 composite?
True
Is 8402027 prime?
True
Is 205954495 a composite number?
True
Is 1802063 a composite number?
True
Is 50248249 composite?
False
Is 176260069 a prime number?
False
Is 93041083 a composite number?
True
Is 991171 a composite number?
False
Is 582119 prime?
True
Is 175098473 prime?
False
Is 156410537 prime?
True
Is 1655839 composite?
True
Is 133713353 a prime number?
False
Is 91018211 a prime number?
False
Is 172059011 prime?
True
Is 8418481 prime?
True
Is 14859991 prime?
False
Is 39763721 a prime number?
True
Is 616669 a prime number?
True
Is 895507 a composite number?
False
Is 3005771 prime?
True
Is 9572797 composite?
True
Is 31458419 composite?
False
Is 854383 prime?
True
Is 9767227 composite?
False
Is 390504209 composite?
True
Is 9438173 prime?
True
Is 258861445 a prime number?
False
Is 1451693 a prime number?
False
Is 301871173 prime?
True
Is 65687 composite?
False
Is 287364643 prime?
True
Is 1956816959 prime?
False
Is 21597781 prime?
True
Is 247807 prime?
False
Is 1097147 prime?
True
Is 24933967 a composite number?
True
Is 970847 composite?
False
Is 29155915 a prime number?
False
Is 1340194 a composite number?
True
Is 123872071 prime?
False
Is 16538867 composite?
True
Is 7852489 a composite number?
False
Is 2663261 a co